f 11?
True
Does 9 divide 85154?
False
Does 33 divide 6270759?
True
Is 32016 a multiple of 7?
False
Is 533400 a multiple of 20?
True
Is 213648 a multiple of 12?
True
Is 21 a factor of 11760861?
True
Is 37 a factor of 462204?
True
Is 694 a factor of 3227792?
False
Is 452970 a multiple of 42?
True
Is 3 a factor of 457731?
True
Is 12 a factor of 184620?
True
Is 110 a factor of 15420460?
True
Is 80 a factor of 5212565?
False
Is 737 a factor of 12918307?
False
Does 68 divide 392692?
False
Does 17 divide 324613?
False
Does 420 divide 4088436?
False
Is 263 a factor of 5776532?
True
Does 83 divide 212836?
False
Is 412992 a multiple of 144?
True
Is 3 a factor of 544472?
False
Is 171 a factor of 100548?
True
Is 6 a factor of 383742?
True
Is 12 a factor of 1314260?
False
Is 16 a factor of 258832?
True
Does 23 divide 10031864?
True
Is 858517 a multiple of 11?
True
Is 31 a factor of 312082?
False
Does 68 divide 2009911?
False
Is 8 a factor of 9567?
False
Does 62 divide 204155?
False
Is 68083 a multiple of 30?
False
Is 1843707 a multiple of 7?
False
Does 9 divide 3663042?
False
Does 40 divide 1855741?
False
Is 971643 a multiple of 74?
False
Does 25 divide 9700?
True
Does 751 divide 10796787?
False
Is 42891 a multiple of 17?
True
Is 1442834 a multiple of 40?
False
Does 6 divide 399856?
False
Is 438249 a multiple of 21?
True
Is 193830 a multiple of 142?
True
Is 211 a factor of 80391?
True
Does 19 divide 1165404?
False
Does 99 divide 2007853?
False
Does 13 divide 5422755?
True
Does 584 divide 25580952?
True
Is 1845 a multiple of 5?
True
Does 491 divide 329529?
False
Does 16 divide 78286?
False
Is 13 a factor of 120263?
True
Is 6692047 a multiple of 409?
False
Does 22 divide 1575590?
False
Does 12 divide 52752?
True
Is 504953 a multiple of 20?
False
Is 7 a factor of 543423?
False
Is 168 a factor of 6779136?
True
Does 28 divide 198184?
True
Is 653 a factor of 729401?
True
Is 3 a factor of 327555?
True
Is 1331848 a multiple of 596?
False
Does 12 divide 5339447?
False
Does 1079 divide 18514259?
False
Is 525135 a multiple of 15?
True
Is 327 a factor of 462705?
True
Is 9 a factor of 62251?
False
Does 2055 divide 30530086?
False
Does 28 divide 1182384?
True
Does 56 divide 210573?
False
Is 74718 a multiple of 18?
True
Does 5 divide 6317319?
False
Is 50207 a multiple of 398?
False
Is 736754 even?
True
Does 8 divide 570489?
False
Is 680381 a multiple of 9?
False
Is 139 a factor of 2015083?
True
Does 84 divide 9575916?
True
Does 13 divide 130791?
False
Is 13 a factor of 182?
True
Does 29 divide 2156701?
True
Is 628128 a multiple of 32?
True
Is 699102 a multiple of 142?
False
Is 114 a factor of 6009435?
False
Does 2 divide 48024?
True
Is 25 a factor of 1761699?
False
Is 6 a factor of 211644?
True
Does 17 divide 1160407?
False
Is 37 a factor of 5997715?
False
Is 4932202 a multiple of 723?
False
Is 3034094 a multiple of 217?
True
Is 201861 a multiple of 4?
False
Is 2 a factor of 52225?
False
Is 505 a factor of 983572?
False
Does 11 divide 4364503?
True
Is 3383820 a multiple of 1130?
False
Is 427284 a multiple of 83?
True
Does 9 divide 694377?
True
Does 13 divide 96265?
True
Does 91 divide 14805336?
True
Is 1025 a factor of 6401125?
True
Is 795 a factor of 5201631?
False
Is 392 a factor of 236611?
False
Is 2438 a multiple of 53?
True
Does 48 divide 5980193?
False
Does 783 divide 1705374?
True
Is 5 a factor of 222235?
True
Is 2035320 a multiple of 60?
True
Is 35 a factor of 269668?
False
Is 8 a factor of 1251308?
False
Does 18 divide 6184656?
True
Does 25 divide 3099925?
True
Is 2697398 a multiple of 22?
True
Is 13 a factor of 192621?
True
Is 51017 a multiple of 8?
False
Is 78 a factor of 32155?
False
Is 12898798 a multiple of 763?
False
Is 83095 a multiple of 16?
False
Does 39 divide 12189476?
False
Is 5 a factor of 8364608?
False
Is 1076 a factor of 2184326?
False
Is 117 a factor of 1586169?
True
Is 168688 a multiple of 4?
True
Does 10 divide 1294240?
True
Is 22 a factor of 529958?
True
Is 12 a factor of 234681?
False
Is 230 a factor of 497752?
False
Is 38 a factor of 228798?
True
Is 151 a factor of 13184565?
True
Is 401249 a multiple of 44?
False
Is 37 a factor of 214110?
False
Does 7 divide 40732?
False
Is 233 a factor of 232585?
False
Is 1553256 a multiple of 306?
True
Is 12 a factor of 227565?
False
Is 1130058 a multiple of 153?
True
Is 51 a factor of 170952?
True
Is 44415 a multiple of 35?
True
Is 240 a factor of 21623?
False
Does 9 divide 384345?
True
Is 81609 a multiple of 11?
True
Is 867407 even?
False
Does 48 divide 17040?
True
Does 3 divide 1983079?
False
Does 2241 divide 13506507?
True
Is 3 a factor of 1146443?
False
Is 47523 a multiple of 21?
True
Does 104 divide 1325227?
False
Does 16 divide 268320?
True
Does 204 divide 1071612?
True
Does 548 divide 371902?
False
Is 85979 a multiple of 9?
False
Is 397712 a multiple of 263?
False
Is 99484 a multiple of 14?
True
Is 1785040 a multiple of 14?
False
Is 1201 a factor of 7229823?
False
Does 960 divide 3373616?
False
Is 28 a factor of 558284?
False
Is 341054 a multiple of 706?
False
Is 519456 a multiple of 112?
True
Is 457418 a multiple of 3?
False
Is 7304701 a multiple of 11?
False
Is 3195736 a multiple of 40?
False
Is 255696 a multiple of 168?
True
Does 216 divide 829224?
True
Is 172 a factor of 1330420?
True
Is 60510 a multiple of 30?
True
Is 542 a factor of 2105777?
False
Does 36 divide 105022?
False
Does 3 divide 6651?
True
Does 918 divide 6168042?
True
Does 26 divide 566514?
True
Is 42 a factor of 243219?
False
Is 12 a factor of 650004?
True
Is 49 a factor of 393176?
True
Is 252973 a multiple of 71?
True
Does 341 divide 1133484?
True
Is 45 a factor of 483654?
False
Is 21 a factor of 750288?
True
Is 390 a factor of 400087?
False
Is 8084349 a multiple of 390?
False
Is 2 a factor of 1433151?
False
Does 39 divide 8212893?
True
Does 16 divide 352246?
False
Is 17775166 a multiple of 2006?
True
Is 1067223 a multiple of 3?
True
Is 32 a factor of 38336?
True
Does 109 divide 1436212?
False
Is 51 a factor of 7089?
True
Does 43 divide 2515027?
True
Is 45420 a multiple of 27?
False
Is 333 a factor of 4184243?
False
Does 98 divide 6417040?
True
Does 134 divide 2775810?
True
Is 1281027 a multiple of 11?
True
Is 45 a factor of 5648496?
False
Is 580320 a multiple of 520?
True
Is 358299 a multiple of 2?
False
Does 6 divide 13781995?
False
Is 10 a factor of 246220?
True
Does 2 divide 7025?
False
Does 13 divide 3244821?
False
Is 77 a factor of 2175712?
True
Does 6 divide 483408?
True
Is 112287 a multiple of 320?
False
Is 268623 a multiple of 39?
False
Is 2268 a factor of 5483793?
False
Is 2265507 a multiple of 12?
False
Is 4028128 a multiple of 1196?
True
Is 7081 a multiple of 15?
False
Is 157 a factor of 90406?
False
Is 21 a factor of 144081?
True
Is 8 a factor of 36611?
False
Is 24 a factor of 14264155?
False
Does 94 divide 62141?
False
Is 57189 a multiple of 11?
True
Is 157 a factor of 12042842?
True
Is 1939685 a multiple of 55?
True
Does 628 divide 16844272?
False
Does 23 divide 86927?
False
Is 12 a factor of 65196?
True
Does 9 divide 14101821?
True
Does 52 divide 1793272?
True
Does 51 divide 1886729?
False
Is 302715 a multiple of 279?
True
Is 474 a factor of 13480037?
False
Does 28 divide 496549?
False
Does 18 divide 335070?
True
Is 624 a factor of 720096?
True
Is 100 a factor of 1228948?
False
Is 38 a factor of 1720450?
True
Is 26074 a multiple of 10?
False
Is 16 a factor of 323973?
False
Is 53405 a multiple of 55?
True
Is 7691768 a multiple of 229?
False
Does 230 divide 90448?
False
Is 189 a factor of 187333?
False
Is 671 a factor of 409068?
False
Does 16 divide 22928960?
True
Is 32946 a multiple of 17?
True
Is 503987 a multiple of 230?
False
Does 15 divide 4075290?
True
Does 27 divide 145824?
False
Is 593 a factor of 291163?
True
Is 5951273 a multiple of 290?
False
Does 60 divide 1569720?
True
Is 160702 a multiple of 19?
True
Is 5242716 a multiple of 6?
True
Is 54 a factor of 3744144?
True
Does 18 divide 790776?
True
Is 200580 a multiple of 5?
True
Is 4983146 a multiple of 105?
False
Is 13 a factor of 9815429?
True
Is 641240 a multiple of 34?
True
Does 43 divide 6126986?
False
Is 198857 a multiple of 75?
False
Does 72 divide 3506545?
False
Is 908 a factor of 260450?
False
Is 76 a factor of 7821437?
False
Is 32 a factor o